99*r + 40. Give m(50).
-10
Let t(d) = -d**3 - 13*d**2 - 16*d + 77. What is t(-9)?
-103
Let o(f) = 11*f**2 - 122*f + 1045. What is o(8)?
773
Let y(x) = 531*x + 2647. Determine y(-5).
-8
Let z(q) = -q**2 + 515*q + 4170. Calculate z(-8).
-14
Let o(y) = y**3 + y**2 - 14*y - 15. Give o(-3).
9
Let h(k) = 387*k + 2709. What is h(-7)?
0
Let x(i) = -i**2 - 352*i - 29797. What is x(-210)?
23
Let f(b) = -b**3 - 41*b**2 + 229*b - 39. Calculate f(-46).
7
Let g(q) = q**3 + 30*q**2 - 2*q + 48. Calculate g(-30).
108
Let z(j) = -605*j + 1214. What is z(2)?
4
Let p(z) = -473*z - 3309. Determine p(-7).
2
Let s(p) = p**3 + 34*p**2 - 2519*p + 64. Calculate s(-70).
-6
Let t(i) = i**3 - 46*i**2 + 83*i + 356. Give t(44).
136
Let j(i) = i**3 - 104*i**2 + 575*i + 1254. Give j(98).
-20
Let j(m) = m**2 + 93*m + 8. Calculate j(0).
8
Let n(v) = -5*v**3 - 98*v**2 + 24*v - 300. Determine n(-20).
20
Let v(i) = -492*i - 9250. Determine v(-19).
98
Let l(x) = 3*x**3 - 38*x**2 + 18*x - 28. Determine l(12).
-100
Let a(n) = 2*n**2 + 20*n - 261. Give a(-18).
27
Let c(o) = -o**2 - 11*o + 2640. What is c(46)?
18
Let k(f) = f**3 + 15*f**2 + 13*f + 26. Determine k(-14).
40
Let r(y) = 12*y + 562. Calculate r(-49).
-26
Let m(k) = -296*k**3 + 4*k**2 - 33*k + 29. Calculate m(1).
-296
Let j(l) = -2*l**3 - 60*l**2 + 3*l + 109. What is j(-30)?
19
Let m(w) = 53*w**2 - 339*w + 116. Calculate m(6).
-10
Let w(l) = 35*l + 1156. Determine w(-33).
1
Let h(v) = 2*v**3 - v**2 + 3*v + 17. Calculate h(0).
17
Let r(p) = p**3 - 122*p**2 + 340*p + 7. Calculate r(3).
-44
Let f(q) = -39*q - 304. Determine f(0).
-304
Let m(h) = 2*h**2 - 54*h - 327. Calculate m(32).
-7
Let s(z) = -z**3 - 70*z**2 - 1103*z + 44. Give s(-46).
-2
Let v(r) = 1251*r + 58809. Give v(-47).
12
Let a(p) = -7*p - 316. Calculate a(-13).
-225
Let w(t) = -3*t**2 - 124*t - 372. Determine w(-3).
-27
Let a(l) = l**3 - 11*l**2 + 12*l + 47. Give a(10).
67
Let l(o) = -2*o**3 - 72*o**2 - 47*o - 79. Determine l(-35).
-884
Let v(m) = 3387*m - 16965. Give v(5).
-30
Let x(g) = -28*g - 43. Determine x(1).
-71
Let p(h) = h**3 - 40*h**2 + 49*h - 340. Give p(39).
50
Let n(q) = -132*q**2 + 7*q + 6. Give n(-1).
-133
Let n(c) = 1245*c + 1239. Give n(-1).
-6
Let n(l) = 5*l**3 - l**2 + 3*l + 5. Give n(-1).
-4
Let v(b) = b**3 - 26*b**2 - 129*b + 2124. Determine v(28).
80
Let b(n) = -167*n**2 + 1013*n - 30. Determine b(6).
36
Let b(q) = -162*q - 4543. Give b(-28).
-7
Let o(j) = 38*j + 447. What is o(-12)?
-9
Let b(r) = 7*r**2 + 3*r + 16. What is b(3)?
88
Let s(l) = -10*l + 153. Calculate s(-23).
383
Let d(q) = 16*q**3 - 2*q**2 - 31*q - 88. Give d(-3).
-445
Let r(w) = 9*w**2 - 622*w + 241. Calculate r(69).
172
Let b(r) = -57*r - 281. Give b(-5).
4
Let a(m) = -721*m + 35312. Determine a(49).
-17
Let i(q) = -7*q**2 - 43*q - 9. Give i(-6).
-3
Let y(o) = -o**3 + 8*o**2 + 92*o - 855. Determine y(10).
-135
Let t(p) = -p**3 + 17*p**2 - 16*p + 21. Determine t(16).
21
Let u(o) = 20*o**2 - 2796*o - 555. Give u(140).
5
Let i(m) = -2*m**3 - 23*m**2 - 70*m - 452. Give i(-10).
-52
Let f(n) = -n**3 + n**2 + 10*n - 22. Calculate f(7).
-246
Let b(o) = 4*o**2 + 50*o + 152. Calculate b(-7).
-2
Let u(g) = 15*g + 589. What is u(-37)?
34
Let u(d) = -d**2 + 65*d - 472. Determine u(9).
32
Let s(z) = 157*z - 3703. Give s(24).
65
Let a(p) = -64*p - 3779. Calculate a(-59).
-3
Let s(t) = t**2 + 376*t + 8438. Give s(-24).
-10
Let f(t) = -37*t - 472. What is f(-9)?
-139
Let v(g) = g**3 - 5*g - 168. Give v(0).
-168
Let x(b) = 411*b - 106452. What is x(259)?
-3
Let n(t) = 194*t + 42690. Give n(-220).
10
Let k(d) = 4*d**2 + 35*d - 55. Calculate k(-10).
-5
Let w(s) = 30*s**2 - 49*s - 245. Determine w(-5).
750
Let c(j) = -j**3 + 4*j**2 + 85*j - 172. Calculate c(2).
6
Let d(w) = w**3 + 28*w**2 + w + 31. Calculate d(-28).
3
Let a(k) = -6*k**3 - 23*k**2 - 5*k - 30. What is a(-4)?
6
Let a(o) = -o**3 - 21*o**2 - 7*o - 42. Calculate a(-20).
-302
Let z(b) = -85*b + 284. What is z(5)?
-141
Let v(l) = -2*l**3 - 113*l**2 + 17*l - 2022. Calculate v(-57).
258
Let m(s) = -1121*s + 14597. Determine m(13).
24
Let l(k) = 87*k - 570. Give l(8).
126
Let l(z) = -2*z**2 - 131*z - 1184. What is l(-55)?
-29
Let g(o) = -3*o**2 - 68*o - 367. What is g(-10)?
13
Let n(k) = -35*k - 347. Determine n(17).
-942
Let r(j) = 99*j**3 - j**2 + 2. What is r(-1)?
-98
Let f(h) = 7*h**2 - h - 11. Give f(-2).
19
Let f(b) = -2*b**3 + 9*b**2 - 9*b - 5. What is f(5)?
-75
Let t(a) = 2*a**2 - 25*a - 531. Determine t(25).
94
Let r(w) = -3*w**2 - w - 515. Determine r(0).
-515
Let w(o) = -32*o - 1961. Calculate w(-61).
-9
Let j(x) = -6772*x + 74487. Determine j(11).
-5
Let q(p) = -324*p - 49. Determine q(0).
-49
Let l(d) = 16*d - 8. Give l(-9).
-152
Let g(l) = l**3 - 6*l**2 - 61*l + 326. Determine g(9).
20
Let s(w) = -16*w**3 + 2*w**2 - 6*w + 5. Give s(1).
-15
Let n(g) = g**2 + 168*g + 5887. Calculate n(-50).
-13
Let m(s) = 4*s**3 + 50*s**2 - 27*s + 26. What is m(-13)?
39
Let x(j) = j**3 + 23*j**2 + 32*j + 47. Give x(-21).
257
Let g(p) = -372*p + 3737. Determine g(10).
17
Let n(f) = -13*f**2 - 689*f - 16. Calculate n(-53).
-16
Let b(d) = 2*d**2 + 19*d + 69. Give b(-3).
30
Let u(j) = 69*j + 178. Determine u(-7).
-305
Let z(v) = -5*v + 273. Calculate z(-6).
303
Let f(p) = 2*p**2 - 60*p + 43. Give f(26).
-165
Let s(k) = -k**3 + 159*k**2 - 1898*k - 4. Give s(146).
-4
Let a(l) = l**3 + 6*l**2 - 163*l + 14. Give a(10).
-16
Let f(q) = -6*q**3 + 69*q**2 - 51*q + 200. Determine f(11).
2
Let s(j) = -116*j + 3040. What is s(24)?
256
Let y(q) = 258*q**2 + 6*q + 4. Determine y(-1).
256
Let h(s) = -3*s**3 + 94*s**2 + 67*s - 90. Determine h(32).
6
Let p(y) = -32*y + 59. Give p(2).
-5
Let k(l) = 5*l**2 + 8*l - 112. Give k(-6).
20
Let w(k) = -9*k + 269. What is w(50)?
-181
Let m(x) = x**2 + 566*x - 6362. Give m(11).
-15
Let a(d) = 988*d - 4938. What is a(5)?
2
Let d(p) = -121*p - 612. What is d(-5)?
-7
Let r(x) = -x**2 + 57*x - 76. Calculate r(47).
394
Let d(v) = -87*v**2 + 122*v + 121. Determine d(-1).
-88
Let b(w) = -w**2 - 126*w - 2447. Give b(-101).
78
Let v(n) = 3*n**2 + 142*n + 180. Give v(-46).
-4
Let s(d) = -d**3 - 11*d**2 - 7. Calculate s(-9).
-169
Let r(g) = g**2 - 116*g + 3288. Give r(66).
-12
Let m(n) = -n**3 + 49*n**2 + 3*n - 10. What is m(0)?
-10
Let m(d) = 1072*d - 19299. Calculate m(18).
-3
Let c(w) = 127*w + 2354. Calculate c(-19).
-59
Let w(x) = 5*x**3 - 42*x**2 + 217*x - 1612. Determine w(8).
-4
Let f(c) = 47*c**3 - 7*c**2 - 6*c + 1. Calculate f(-1).
-47
Let l(i) = i**2 + 26*i - 210. Determine l(-37).
197
Let v(y) = -3*y**3 + 10*y**2 + 13*y + 4. Determine v(6).
-206
Let g(a) = a**3 + 3*a**2 + a + 86. Give g(-7).
-117
Let s(l) = l**3 + l**2 + 43*l - 92. Give s(2).
6
Let k(i) = -22*i + 600. Calculate k(31).
-82
Let w(x) = x**2 + 20*x - 266. What is w(10)?
34
Let d(u) = -u**3 - 46*u**2 - 139*u - 422. What is d(-43)?
8
Let w(d) = d**3 + 29*d**2 - 170*d + 45. Give w(-34).
45
Let d(h) = -3*h**3 + 81*h**2 - 159*h + 210. Give d(25).
-15
Let g(s) = -2*s**2 + 7*s + 42. Determine g(-3).
3
Let g(l) = l**3 + 9*l**2 + 5*l + 12. Determine g(-6).
90
Let g(x) = 637*x + 12072. Give g(-19).
-31
Let b(o) = 30*o**2 - 9*o - 6. Calculate b(-1).
33
Let p(v) = v**2 + 33*v - 66. Give p(-32).
-98
Let s(w) = -28*w + 197. What is s(7)?
1
Let a(g) = -g**2 + 16*g - 44. Calculate a(7).
19
Let z(x) = x**2 + 60*x - 390. Determine z(6).
6
Let a(h) = h**2 - 26*h - 1033. Give a(-22).
23
Let t(l) = -6*l + 95. What is t(6)?
59
Let z(r) = r**2 - 24*r + 62. Calculate z(3).
-1
Let o(h) = 92*h - 1299. Determine o(14).
-11
Let t(q) = -q**2 - 161*q + 2079. What is t(-173)?
3
Let j(h) = -h**3 - 28*h**2 - 100*h + 50. What is j(-24)?
146
Let o(b) = 16*b**2 - 884*b + 196. Calculate o(55).
-24
Let q(y) = y**3 - 14*y**2 + 31*y - 82. Give q(12).
2
Let t(r) = -10*r**2 - 133*r - 30. Give t(-16).
-462
Let m(i) = i**2 - 46*i - 211. Determine m(-4).
-11
Let n(y) = 108*y + 6696. What is n(-62)?
0
Let m(s) = 2372*s + 28483. Give m(-12).
19
Let a(q) = q**3 + 30*q**2 + 62*q + 49. Give a(-28).
-119
Let l(f) = -5*f**3 - 6*f**2 + 18*f + 48. What is l(-2)?
28
Let f(p) = p**2 + 9*p - 131. What is f(-17)?
5
Let s(m) = -10*m**3 + 3*m**2 - 16*m - 5. Give s(-5).
1400
Let a(c) = c**3 + 11*c**2 + 33. What is a(-11)?
33
Let x(v) = v + 47. Calculate x(10).
57
Let n(q) = 126*q + 5686. Give n(-45).
16
Let y(c) = 